l - 14. What is the tens digit of u(l)?
4
Suppose 5*t + 3*w + 2 = 27, -5*w = 0. Suppose -t*k = -0*k - 10, 4*d - 1204 = -4*k. What is the hundreds digit of d?
2
Let l(y) = 30*y**2 - 93*y - 1. What is the tens digit of l(5)?
8
Let q be 5/((-15)/27) + 3. Let d = q + 7. Suppose 0 = -4*x + 3*v + d, -2*v + 7 = 3*x + 2. What is the units digit of x?
1
Let a be 2*(1 + 0 + 1). Suppose -4*m - 4*u = 48 + 92, u - 130 = a*m. Let n = -3 - m. What is the units digit of n?
0
Let t(k) = 2*k**2 - 3*k - 25. Let l be t(15). Suppose 0 = 15*f - 17*f + l. What is the units digit of f?
0
What is the tens digit of 10 + 6 + (6 - -1751)?
7
Let b be ((-66)/(-8))/(3/16). Suppose o - b = -18. What is the tens digit of o?
2
Let y(c) = -c**2 - c + 2. Let q be y(1). Let p(a) be the first derivative of -a**3/3 - a**2/2 + 53*a + 23. What is the tens digit of p(q)?
5
Let j(q) be the third derivative of q**5/20 - 5*q**4/24 - 3*q**3/2 + 4*q**2. What is the tens digit of j(6)?
6
Let d(a) be the second derivative of 2*a**3/3 - 7*a**2/2 - 6*a. Let x be d(3). What is the units digit of 39/x*(-10 + 15)?
9
Let p be 99/55 - 1/(-5). Suppose -p*b = -43 - 19. What is the tens digit of b?
3
Let y(j) = j**2 - 5*j + 21. What is the hundreds digit of y(-16)?
3
Suppose -5*u + 146 + 437 = 3*n, -5*n = -5. What is the hundreds digit of u?
1
Suppose -4*d = -3*f + 6*f - 3914, -d + 3*f + 986 = 0. What is the hundreds digit of d?
9
Let c = 2 + -1. Suppose 0 = 16*f - 150 - 122. What is the units digit of f - (-2 + 1) - c?
7
Suppose 0 = 2*z, -i = 4*z - 3*z - 167. Suppose 4*w + 213 = -4*m + w, -3*m - i = -5*w. Let o = m + 113. What is the tens digit of o?
5
Let m = 2872 + -1477. What is the tens digit of m?
9
Let z be -3*(3 + (-365)/(-15)). What is the tens digit of 0 + 4 - (z - -9)?
7
Let c(n) = -3*n**3 - 14*n**2 - 19*n - 4. What is the tens digit of c(-9)?
2
Let n = -158 + -83. What is the units digit of (10 + n)*(-1)/3?
7
Let q(g) = -5*g**3 + 2*g**2 + g. Let d be q(-1). Let p be 3/d*-2 - -6. Suppose p*c = c + 100. What is the units digit of c?
5
Let j(h) = h**3 + 4*h**2 - 7*h - 4. Let x be j(-5). Suppose -u + x*u + 2*y - 620 = 0, 3*y = 0. What is the units digit of u?
4
Suppose -4*j = -35 - 5. Suppose 5*c - 5*a = 80, -c + 16 = -3*a - j. Suppose -2*b - 3 = -c. What is the units digit of b?
4
Let f(g) = 5*g**2 - 2*g - 1. Let a be f(-1). What is the units digit of a/(-4) + 458/4?
3
Let s = 2896 - 1234. What is the units digit of s?
2
Let a(o) = o**2 - 9*o - 9. What is the tens digit of a(24)?
5
Let p = -36 + 33. What is the units digit of 2/5*(337 - p)?
6
Let v(o) = -o**2 - 14*o - 6. Suppose -11*r = -7*r + 44. What is the tens digit of v(r)?
2
Suppose -2*c = 2*d - 300, -2*c = d + 2*c - 150. Suppose -10 - d = -2*w. What is the units digit of w?
0
Suppose 30*y + 2219 = 37*y. Let f = y - 215. What is the hundreds digit of f?
1
Let i(z) = 4*z - 86. Let x be i(22). Suppose -2*y = y - 108. What is the tens digit of ((-9)/x)/((-3)/y)?
5
Let b = -419 - -716. What is the units digit of b/15 - (-2)/10?
0
Let o(a) = 609*a**3 + 3*a**2 - 8*a - 5. What is the thousands digit of o(2)?
4
Suppose 2*g = -0*g. Let t = 5 + g. Suppose -71 = -4*w + 4*l - 3*l, 0 = 3*w + t*l - 59. What is the tens digit of w?
1
Suppose -5*f = 4*f - 27. Suppose -41 = f*h - 710. What is the units digit of h?
3
Suppose 118*o - 127*o + 8901 = 0. What is the hundreds digit of o?
9
Let l = 48 - -1867. What is the hundreds digit of l?
9
Suppose 2*b = -j - 0*j + 640, -5*b + 20 = 0. What is the units digit of j?
2
Let c(o) = o**3 + 4*o**2 + 2*o + 7. Let g be c(-4). What is the units digit of ((-5)/(-4))/g*-60?
5
Suppose 7*j - 4*j - 108 = -4*r, 0 = -3*r + 3*j + 102. Let y = 38 - r. What is the units digit of y?
8
Let n = -66 + 29. Let x = 61 + n. Let l = x - 23. What is the units digit of l?
1
What is the tens digit of (526/(-6))/((-99)/2079)?
4
Suppose 3*n = -2*x + 98, -4*x - 2*n = 3*n - 200. What is the tens digit of x?
5
Let q be 2*(-4 - (-3)/(-6)*-11). Suppose 10 = -0*d + 2*d. Suppose -3*v = -d*n - 103, -q*n + 6*n - 3 = 0. What is the units digit of v?
6
Let s be -140*-4*2/10. Suppose -5*a + a + s = 0. What is the tens digit of a + -1 + 10/(-5)?
2
Suppose 92 = -4*g - 32. What is the tens digit of (-1 - g)*(4 + -2 + 0)?
6
Let c = 96 - 83. Suppose -7*w = -c*w + 636. What is the hundreds digit of w?
1
Let b(x) = 4*x**2 - 128*x + 17. What is the tens digit of b(-9)?
9
Suppose 3*p - 5*x - 20 = 0, 0*p = -p + 2*x + 8. Suppose p*f = -13*f + 1365. What is the units digit of f?
5
Let y(f) = 22*f**3 + 47 + 7*f**2 - 25*f**3 - 3*f - 2*f**2. Let k(l) = -l**3 + 2*l**2 - l + 24. Let a(c) = 5*k(c) - 2*y(c). What is the tens digit of a(0)?
2
Let g be 5/5 + (4/(-4) - -3). Suppose -4*s = 2*l + l - 295, -g*s = -4*l + 360. What is the tens digit of l?
9
Suppose 2*o - 351 - 583 = -2*z, 463 = z - 3*o. What is the tens digit of z?
6
Let n = 507 - 52. Suppose 6*v - v = n. What is the units digit of v?
1
Let z(k) = k**3 + 4*k**2 + 7*k - 4. Let x be z(-8). Let u = 581 + x. What is the tens digit of u?
6
Let c(j) = 16*j**2 + 4*j + 4. What is the tens digit of c(-2)?
6
Suppose 55*p - 447 = 52*p. What is the tens digit of p?
4
Let j(b) = -b**3 + 9*b**2 - 4*b + 3. Let q(f) = f**2 + 8*f + 7. Let s be q(-6). Let r be (3 - -2)*(-4)/s. What is the tens digit of j(r)?
6
Let d = -1 + 9. Let s(z) = -14*z**2 + 20*z + 24. Let p(i) = 5*i**2 - 7*i - 8. Let u(y) = -11*p(y) - 4*s(y). What is the tens digit of u(d)?
3
Let k(b) = 10*b**2 - 12*b - 165. What is the units digit of k(17)?
1
Let s(y) = y**2 - 3*y + 6. Let x(g) = g**2 - 3*g + 7. Let v(z) = 5*s(z) - 4*x(z). Let l be v(3). Suppose -3*m + l*m + 4 = 0. What is the units digit of m?
4
Let z(w) = 10*w**2 - 5*w - 5. What is the tens digit of z(12)?
7
Let i(p) = -p**3 - 20*p**2 - 19*p + 2. Let q be i(-19). What is the units digit of (q - 1)/((-2)/((-1470)/5))?
7
Suppose 2*x - 29 = 3. Let c = -10 + x. Suppose -4*n = -c - 30. What is the units digit of n?
9
Let r be (-83)/(-2) - 2/4. Let s be (-5)/20*74 - 1/2. Let c = s + r. What is the units digit of c?
2
Suppose 4 = -4*j, -m + 4*m = -4*j + 299. Let t = -37 + m. What is the tens digit of t?
6
Suppose -y + 108 = -56. What is the hundreds digit of y?
1
Suppose 0 = 4*z, -4*z = 3*g + 1078 - 3286. What is the units digit of g?
6
Let l(d) = 2*d + 4*d**2 - 5*d**2 + 14*d**3 + 3 - 5. Let x = 371 - 370. What is the units digit of l(x)?
3
Suppose 3*h + 2*w - 7522 = 0, -2*w = 12 - 10. What is the hundreds digit of h?
5
Let q(c) = -55*c - 73. Let z be q(-3). Let f = -85 + 41. Let r = f + z. What is the tens digit of r?
4
Suppose -i = -2*i + 4*m - 16, -3*i = -m + 4. Suppose 0 = -980*n + 976*n + 12. Suppose n*g + 10 - 100 = i. What is the units digit of g?
0
Suppose -2 = x - 0*x. Let z be 33/(-12)*(6 + x). Let p = z + 21. What is the tens digit of p?
1
What is the tens digit of (-9)/33 - (-7442)/22?
3
Let a(v) = -v - 6. Suppose g + 19 = 12. What is the units digit of a(g)?
1
Let o = 1185 + 136. What is the tens digit of o?
2
Let m = 193 + 143. What is the tens digit of m?
3
What is the hundreds digit of 2/(-4)*(-6 + -1586)?
7
Let q = -373 + 904. What is the hundreds digit of q?
5
Suppose 8 = 3*u - 5*y - 23, 3*y + 15 = 0. Let c(f) be the second derivative of f**4/12 + f**3/6 + f**2/2 + 2*f. What is the units digit of c(u)?
7
Let t = -51 + 175. Let l = 355 - t. What is the units digit of l?
1
Let x(v) = v**3 - 3*v**2 - 5*v + 6. Let i be x(4). Suppose -2*u = -3*k + 15, -4*k + 7 + 11 = -i*u. Suppose k*q - 2*q - 8 = 0. What is the units digit of q?
8
Let j = 22 - -2. Let x = j + 53. What is the units digit of x?
7
Let x(u) = 7*u**2 - 26*u - 116. What is the units digit of x(27)?
5
Suppose -2026 - 1604 = -6*y. What is the tens digit of y?
0
Let g(t) be the first derivative of t**3/2 - 5*t**2 + t - 3. Let b(j) be the first derivative of g(j). What is the units digit of b(5)?
5
Let g(j) = 5*j + 12. Let a be g(-9). Let p be (-526)/(-11) + (-6)/a. Let u = -19 + p. What is the tens digit of u?
2
Suppose s - 5*s - 60 = 0. Let r = 21 + s. Let j = r - -5. What is the units digit of j?
1
Suppose 0 = 4*z - 1 - 11. Suppose l = 2*l - 1. Let u = z - l. What is the units digit of u?
2
Let v(z) = z**2 + 5*z - 4. Let g be v(-6). Suppose n + 5*y - g = 0, 4*y + 15 = 4*n - 17. Suppose -n*w + 6*w = -23. What is the tens digit of w